 and 364384?
944
Calculate the greatest common divisor of 278222 and 196.
98
Calculate the greatest common divisor of 1614285 and 1160.
145
What is the highest common factor of 28880 and 475?
95
What is the highest common divisor of 8775213 and 17?
17
Calculate the highest common divisor of 145 and 206915.
145
What is the highest common factor of 161962 and 94?
94
What is the greatest common divisor of 48 and 6666?
6
What is the highest common factor of 216312 and 1128?
24
Calculate the highest common factor of 13552 and 903.
7
Calculate the highest common divisor of 105 and 2935.
5
Calculate the greatest common factor of 1109476 and 316.
316
What is the highest common factor of 12888 and 243?
9
Calculate the highest common divisor of 8617 and 840.
7
What is the highest common factor of 8416 and 78374?
526
What is the greatest common divisor of 314722 and 2664?
74
Calculate the highest common divisor of 12 and 2358924.
12
What is the greatest common factor of 40 and 33755?
5
What is the greatest common divisor of 11 and 52690?
11
Calculate the greatest common divisor of 120 and 444680.
40
Calculate the highest common divisor of 127865 and 1434.
239
Calculate the greatest common divisor of 1591002 and 1220.
122
Calculate the highest common factor of 46752 and 7.
1
What is the highest common divisor of 22672 and 3328?
208
Calculate the greatest common divisor of 176 and 23012.
44
Calculate the greatest common divisor of 37342 and 6.
2
Calculate the greatest common factor of 1086 and 1794.
6
What is the highest common factor of 120 and 2137152?
24
Calculate the greatest common factor of 48735 and 206055.
855
What is the greatest common factor of 322 and 27209?
161
Calculate the highest common divisor of 357 and 282982.
119
What is the highest common divisor of 25152 and 19257?
393
Calculate the greatest common factor of 14600 and 490.
10
What is the greatest common divisor of 2624 and 1271?
41
What is the highest common divisor of 6708 and 141180?
156
What is the highest common factor of 80 and 905?
5
What is the highest common divisor of 130 and 722?
2
Calculate the greatest common factor of 8584 and 696.
232
What is the greatest common divisor of 28093 and 27?
1
Calculate the greatest common factor of 237288 and 96.
24
What is the greatest common divisor of 1407 and 1239?
21
What is the highest common divisor of 1086593 and 235?
47
What is the greatest common divisor of 33047 and 28?
7
Calculate the highest common factor of 95 and 38000.
95
What is the greatest common divisor of 15491827 and 26?
13
What is the greatest common divisor of 4864 and 76190?
38
Calculate the highest common factor of 141520 and 12296.
232
Calculate the highest common divisor of 48640 and 3914.
38
Calculate the highest common divisor of 9153 and 44874.
81
What is the highest common factor of 50499 and 279?
279
Calculate the greatest common factor of 26 and 776542.
26
What is the greatest common factor of 66 and 1521696?
66
Calculate the greatest common divisor of 183 and 147132.
183
What is the greatest common factor of 15 and 22940?
5
What is the highest common divisor of 199149 and 6?
3
Calculate the greatest common factor of 2187 and 2025.
81
Calculate the greatest common divisor of 47 and 418629.
47
Calculate the greatest common factor of 266 and 343406.
266
Calculate the greatest common factor of 3 and 196653.
3
Calculate the highest common factor of 48818 and 770.
154
Calculate the highest common factor of 476 and 264061.
119
What is the greatest common divisor of 22464 and 10062?
234
Calculate the greatest common divisor of 117603 and 219.
219
Calculate the highest common factor of 30438 and 2736.
342
Calculate the greatest common divisor of 104 and 709800.
104
What is the greatest common factor of 1030875 and 2500?
125
What is the greatest common factor of 112 and 896848?
16
What is the highest common divisor of 86207 and 3927?
187
What is the highest common factor of 92 and 6672898?
46
Calculate the highest common factor of 194599 and 34.
17
Calculate the greatest common divisor of 176 and 1753796.
44
Calculate the highest common factor of 34 and 47039.
17
What is the highest common factor of 31064731 and 53?
53
What is the highest common divisor of 43002 and 24?
6
What is the greatest common divisor of 35 and 18893?
7
What is the greatest common factor of 1197 and 1491?
21
What is the highest common divisor of 48400 and 1780?
20
What is the greatest common divisor of 3304 and 16688?
56
What is the highest common divisor of 2117666 and 890?
178
Calculate the highest common divisor of 606217 and 2344.
293
What is the highest common divisor of 89085 and 15?
15
What is the greatest common factor of 119805 and 347190?
2445
Calculate the highest common divisor of 229492 and 12.
4
Calculate the highest common factor of 22049 and 34.
17
Calculate the highest common divisor of 81 and 3120282.
81
What is the highest common divisor of 10494 and 110?
22
Calculate the greatest common divisor of 1340 and 10385.
335
What is the greatest common divisor of 17380 and 90?
10
Calculate the highest common factor of 49896 and 51840.
648
Calculate the greatest common divisor of 715 and 191815.
65
Calculate the greatest common divisor of 344 and 8127688.
344
Calculate the greatest common factor of 459 and 18.
9
What is the highest common divisor of 113768 and 32?
8
Calculate the highest common factor of 10379 and 388.
97
Calculate the greatest common factor of 11890 and 5330.
410
Calculate the highest common divisor of 536635 and 110.
55
What is the highest common factor of 51238 and 8602?
374
What is the greatest common factor of 504 and 516?
12
Calculate the highest common factor of 2763 and 5004.
9
Calculate the highest common factor of 134 and 538144.
134
What is the greatest common factor of 4258 and 7?
1
What is the greatest common divisor of 605 and 15851?
121
Calculate the greatest common factor of 38135 and 464.
29
What is the highest common factor of 26 and 25740?
26
What is the highest common factor of 170 and 260355?
85
What is the highest common divisor of 118440 and 20?
20
What is the highest common divisor of 431837 and 6295?
1259
Calculate the highest common divisor of 4487 and 203.
7
What is the greatest common divisor of 3000 and 1800?
600
What is the highest common divisor of 185119 and 11?
11
Calculate the greatest common factor of 12 and 142332.
12
What is the greatest common factor of 17715 and 60?
15
Calculate the highest common factor of 341039 and 771.
257
Calculate the highest common divisor of 375 and 23500.
125
Calculate the highest common factor of 28993 and 1835.
367
What is the greatest common divisor of 289154 and 4?
2
Calculate the highest common factor of 11256 and 6888.
168
What is the greatest common factor of 36 and 85014?
18
Calculate the highest common divisor of 2456 and 5992.
8
Calculate the greatest common divisor of 13225 and 100.
25
Calculate the greatest common factor of 35328 and 575.
23
What is the greatest common divisor of 49622 and 5193?
577
Calculate the greatest common divisor of 1309 and 14245.
77
What is the highest common factor of 22385 and 37000?
185
What is the highest common factor of 245 and 1711710?
35
What is the greatest common divisor of 43 and 114122?
43
Calculate the highest common divisor of 2146 and 2929.
29
What is the greatest common factor of 350318 and 856?
214
What is the greatest common factor of 4627 and 231?
7
What is the highest common factor of 1071774 and 198?
198
Calculate the highest common factor of 45117 and 90.
9
Calculate the greatest common divisor of 31622 and 1141.
163
Calculate the greatest common factor of 339 and 124413.
339
Calculate the greatest common divisor of 60893 and 273.
7
Calculate the highest common factor of 94 and 106.
2
Calculate the greatest common factor of 106445 and 11285.
305
What is the greatest common divisor of 12 and 2363400?
12
Calculate the highest common divisor of 3534 and 2604.
186
What is the highest common divisor of 96 and 351?
3
What is the highest common factor of 40330 and 327?
109
What is the highest common divisor of 535 and 64842?
107
What is the highest common divisor of 4368 and 271453?
91
Calculate the greatest common divisor of 19942 and 7943.
169
